{"id":2,"date":"2026-04-15T20:53:01","date_gmt":"2026-04-15T18:53:01","guid":{"rendered":"https:\/\/wp.idunara.com\/?page_id=2"},"modified":"2026-04-16T03:21:09","modified_gmt":"2026-04-16T01:21:09","slug":"beispiel-seite","status":"publish","type":"page","link":"https:\/\/wp.idunara.com\/index.php\/beispiel-seite\/","title":{"rendered":"Beispiel-Seite"},"content":{"rendered":"\n\n\n<div class=\"wp-block-starter-leistungen-leistungskarten\"><div class=\"lk-card \"><div class=\"lk-titel\">Starter Website<\/div><div class=\"lk-untertitel\">F\u00fcr Gr\u00fcnder &amp; Selbstst\u00e4ndige<\/div><div class=\"lk-preis\">ab 1.490 Euro<\/div><div class=\"lk-beschreibung\">Professioneller Webauftritt zum Festpreis<\/div><ul class=\"lk-features\"><li class=\"lk-feature\">Individuelles Design nach Briefing<\/li><li class=\"lk-feature\">Bis zu 5 Unterseiten<\/li><li class=\"lk-feature\">Kontaktformular &amp; Google Maps<\/li><li class=\"lk-feature\">SSL-Zertifikat &amp; DSGVO-Basics<\/li><li class=\"lk-feature\">Mobiloptimiert &amp; schnell<\/li><li class=\"lk-feature\">30 Tage Support nach Launch<\/li><\/ul><a href=\"#\" class=\"lk-button\">Angebot anfordern<\/a><\/div><div class=\"lk-card hervorgehoben\"><div class=\"lk-badge\">Meistgebucht<\/div><div class=\"lk-titel\">Business Website<\/div><div class=\"lk-untertitel\">F\u00fcr KMU &amp; etablierte Unternehmen<\/div><div class=\"lk-preis\">ab 3.490 Euro<\/div><div class=\"lk-beschreibung\">Mehr Sichtbarkeit, mehr Kunden<\/div><ul class=\"lk-features\"><li class=\"lk-feature\">Alles aus Starter<\/li><li class=\"lk-feature\">Bis zu 15 Unterseiten<\/li><li class=\"lk-feature\">SEO-Optimierung &amp; Core Web Vitals<\/li><li class=\"lk-feature\">Blog mit Content-Strategie<\/li><li class=\"lk-feature\">Cookie-Banner &amp; Datenschutz komplett<\/li><li class=\"lk-feature\">Google Business Profil Einrichtung<\/li><li class=\"lk-feature\">3 Monate Support &amp; Wartung<\/li><\/ul><a href=\"#\" class=\"lk-button\">Angebot anfordern<\/a><\/div><div class=\"lk-card \"><div class=\"lk-titel\">Premium Website<\/div><div class=\"lk-untertitel\">F\u00fcr Marken mit Anspruch<\/div><div class=\"lk-preis\">auf Anfrage<\/div><div class=\"lk-beschreibung\">Massgeschneidert, performant, skalierbar<\/div><ul class=\"lk-features\"><li class=\"lk-feature\">Alles aus Business<\/li><li class=\"lk-feature\">Custom Blocks &amp; eigene Funktionen<\/li><li class=\"lk-feature\">WooCommerce \/ Buchungssystem<\/li><li class=\"lk-feature\">Mehrsprachigkeit<\/li><li class=\"lk-feature\">Performance-Audit &amp; Optimierung<\/li><li class=\"lk-feature\">API-Anbindungen &amp; Automatisierung<\/li><li class=\"lk-feature\">12 Monate Wartung &amp; Weiterentwicklung<\/li><\/ul><a href=\"#\" class=\"lk-button\">Projekt besprechen<\/a><\/div><\/div>\n","protected":false},"excerpt":{"rendered":"","protected":false},"author":1,"featured_media":0,"parent":0,"menu_order":0,"comment_status":"closed","ping_status":"open","template":"","meta":{"footnotes":""},"class_list":["post-2","page","type-page","status-publish","hentry"],"_links":{"self":[{"href":"https:\/\/wp.idunara.com\/index.php\/wp-json\/wp\/v2\/pages\/2","targetHints":{"allow":["GET"]}}],"collection":[{"href":"https:\/\/wp.idunara.com\/index.php\/wp-json\/wp\/v2\/pages"}],"about":[{"href":"https:\/\/wp.idunara.com\/index.php\/wp-json\/wp\/v2\/types\/page"}],"author":[{"embeddable":true,"href":"https:\/\/wp.idunara.com\/index.php\/wp-json\/wp\/v2\/users\/1"}],"replies":[{"embeddable":true,"href":"https:\/\/wp.idunara.com\/index.php\/wp-json\/wp\/v2\/comments?post=2"}],"version-history":[{"count":6,"href":"https:\/\/wp.idunara.com\/index.php\/wp-json\/wp\/v2\/pages\/2\/revisions"}],"predecessor-version":[{"id":19,"href":"https:\/\/wp.idunara.com\/index.php\/wp-json\/wp\/v2\/pages\/2\/revisions\/19"}],"wp:attachment":[{"href":"https:\/\/wp.idunara.com\/index.php\/wp-json\/wp\/v2\/media?parent=2"}],"curies":[{"name":"wp","href":"https:\/\/api.w.org\/{rel}","templated":true}]}}